 + 0.
24
Let c(p) = 13*p**2 + 2*p - 2. What is the remainder when c(-2) is divided by (-7 + (-4)/4)*(12/(-6))/4?
2
Let y = 29 + -21. Suppose -7*n = -y*n + 16. What is the remainder when n is divided by 5?
1
Let k be (4/3 + -1)*3. Let d(w) = k + 92*w - 90*w - 3. Calculate the remainder when 5 is divided by d(2).
1
Suppose 0 = 5*b - 0*b + 30. Let f be (-4)/b + (-74)/(-6). Suppose 3*s + f = 31. Calculate the remainder when 11 is divided by s.
5
Let j = -30 + 51. Let g = j + -8. What is the remainder when 61 is divided by g?
9
Calculate the remainder when 751 is divided by 4769/57 + 10/30.
79
Let p = -16 - -20. Suppose 0*a = a + 3*t + 3, -25 = -a + p*t. What is the remainder when (96/(-4))/(6/(-4)) is divided by a?
7
Suppose -123*o = -125*o + 22. Suppose -2*i = 5*w - 216, 7*w + 3*i = 3*w + 177. Calculate the remainder when w is divided by o.
9
Suppose 0 = 2*n + n - 3*d - 12, 0 = d - 5. Let o(q) = -q**3 - 13*q**2 - 2*q + 8. What is the remainder when o(-13) is divided by n?
7
Let f(i) = 3*i**3 - 2*i**2 + 7*i - 56. What is the remainder when f(4) is divided by 26?
2
Let y = 135 - 69. Calculate the remainder when y is divided by 13.
1
Let y be -6 + (-5)/((-10)/8). Let z be y/8 + (-165)/(-4). Suppose 3*o - 2*p + 4*p = z, 2*o + 5*p - 42 = 0. What is the remainder when o is divided by 4?
3
Let s be -7 + (4 - 0) - -3. Suppose m - 2*f + 8 = s, 3*m - 12 = -f - 2*f. Suppose 8*n = -m*n + 352. What is the remainder when n is divided by 23?
21
Let i(m) = -21*m**3 - 4*m**2 - 4*m - 3. Let f be i(-2). Let y = f - 108. Calculate the remainder when y is divided by 25 + 0*4/16.
24
Suppose 23*f - 923 = 273. Calculate the remainder when 621 is divided by f.
49
What is the remainder when 87 is divided by (288/(-112))/((-2)/7)?
6
Let b(m) = m**2 + 3*m - 7. Let l be b(5). Let h = l + -8. Suppose s - 6 = h. What is the remainder when s is divided by 11?
9
Suppose -5 - 13 = -2*a. Let v(c) = 27*c**2 + 7*c - 5. Calculate the remainder when v(1) is divided by a.
2
Let k be (1/(-1) - 3) + 13. Let f(u) = -12*u - 2*u - 8 - k - u**2. Calculate the remainder when 11 is divided by f(-12).
4
Suppose 0*k + 3*k - 51 = 0. Let d be (56 + -3)*(-10 + 14). Let p = 217 - d. What is the remainder when k is divided by p?
2
Suppose 0 = -4*j - 5*h + 227, 23 = j - h - 45. Calculate the remainder when 55 is divided by 864/j - (-2)/7.
13
Let u = -45 - -59. Suppose z - 34 - 5 = 0. What is the remainder when z is divided by u?
11
Suppose -o + 75 = -2*x, 2*o + 11*x = 9*x + 174. Let j(q) = -8*q + 4. Calculate the remainder when o is divided by j(-5).
39
Suppose -4*q + 2*q + 40 = 0. Suppose -3*y + 2*y = -59. Calculate the remainder when y is divided by q.
19
What is the remainder when 254 is divided by (-46 + 62)*(0 + 1)?
14
Let a(u) = -u**3 + 27*u**2 - 26*u + 19. Let g(w) = w**3 - 12*w**2 - 12*w + 13. Let t be g(13). Calculate the remainder when 26 is divided by a(t).
7
Suppose 596*r - 594*r = 36. Calculate the remainder when 27 is divided by r.
9
Let a = -12 + 13. What is the remainder when 45 is divided by a + 14 + 14 + -13?
13
Let m = -16 + 23. Suppose -i - 4*j + 30 = 0, -m*i + 2*j + 40 = -2*i. What is the remainder when i is divided by 7?
3
Let z(o) = 180*o**2 - 15*o + 7. Calculate the remainder when z(-2) is divided by 38.
35
Let h = -1242 - -1690. What is the remainder when h is divided by 65?
58
Let a = 39 + -33. Suppose 0*d = -a*d + 426. What is the remainder when d is divided by 25?
21
Let x = -71 - -119. Calculate the remainder when x is divided by 1 - -28 - 36/12.
22
Let t(l) = l**2 + 9*l + 15. Let s = 9 - 21. Let i = -11 + 24. What is the remainder when t(s) is divided by i?
12
What is the remainder when 1 + (4 + -2 - -99) is divided by -10 - -4 - ((-2)/(-1) + 170/(-5))?
24
Let y be 13294/207 + 2/(-9). Suppose 2*x - k + 19 - 144 = 0, -x + y = -2*k. Calculate the remainder when 120 is divided by x.
58
Let w(v) = v**3 - 38*v**2 + 37*v + 45. Calculate the remainder when 143 is divided by w(37).
8
Let r(z) = z**3 + 11*z**2 + 9*z - 1. Let a(q) = 6*q**2 - q + 4. Let p = -26 + 28. Calculate the remainder when a(p) is divided by r(-10).
8
Suppose -51*w - 2*o = -56*w + 288, 5*w - 296 = 4*o. Calculate the remainder when w is divided by 33.
23
Let z = 62 - 44. What is the remainder when 1 + -5 + 0/(-3) - -37 is divided by z?
15
Suppose -2*y = -3*n + 295, 5*n - 27*y = -25*y + 489. Suppose 0 = -2*v + 73 - 7. Calculate the remainder when n is divided by v.
31
Suppose 3*y = -5*c - 91, 4*y + 0*c + 3*c = -114. Let r be 3*(-210)/y*3. Suppose r = -0*k + 5*k. Calculate the remainder when 39 is divided by k.
11
Let z be ((-24)/21)/(2/(-7)). Let y be 183/4 - (-1)/z. Suppose -y = -4*v + 50. Calculate the remainder when v is divided by 9.
6
Let o(c) = -c**3 + 7*c**2 + 6*c - 9. Let h be o(8). What is the remainder when ((-18)/(-10) - 3)*-30 is divided by ((-10)/h)/(4/100)?
6
Let n be (-7)/(-2) - ((-126)/12 + 13). Let g(x) = -5*x + 19*x - 1 + 0. Calculate the remainder when 35 is divided by g(n).
9
Let d = -91 - -149. What is the remainder when d is divided by 18 + 4*(-1)/(-2)?
18
Let b = 31 - 19. Let r(z) = z**3 - 11*z**2 - 10*z - 16. Calculate the remainder when r(b) is divided by 5.
3
Let j(w) = -w + 57. What is the remainder when j(20) is divided by 13?
11
Suppose -24 = -8*f + 2*f. Suppose -y = -4*t + 56, -5*t - f*y = 34 - 83. Calculate the remainder when t is divided by 12.
1
Let a = -6 - -56. Let m = -9 + a. Calculate the remainder when m is divided by 11.
8
Let l = -79 - -125. Suppose 0 = -v + 72 + l. What is the remainder when v is divided by 30?
28
Let f = -191 + 328. Calculate the remainder when f is divided by 35.
32
Suppose -5*x + 1 + 4 = 0. Suppose 4*g - 35 = x. What is the remainder when 10 is divided by g?
1
Suppose -400 = -4*j + 2*d, -3*j + 6*d - 2*d + 310 = 0. Let y(m) = 46*m + 177. Let r be y(-5). Let c = j - r. What is the remainder when c is divided by 38?
37
Let d be 65/6 - (-2)/12. Suppose 2*l = 3*o + 4*l - 101, 5*l = o - d. Suppose 0 = -g - i + 21, 4*i = g + 4 - 0. Calculate the remainder when o is divided by g.
15
Let w(n) = n**2 + 9*n - 84. Let c be w(-15). Let i be (-2 + 4/1)*1. Let x = i + c. Calculate the remainder when 31 is divided by x.
7
Suppose -4*f + 5*r = -2*f - 10, 2*f - 2*r - 4 = 0. Suppose f + 8 = 2*s. Calculate the remainder when ((-10)/(-15))/(s/18) is divided by 1.
0
Let r(b) = b**3 - 24*b + 57. Calculate the remainder when 250 is divided by r(3).
10
Let c(g) = 4*g**2 + 11*g. Let t = -16 + 8. Let r be c(t). Let i = r + -54. What is the remainder when i is divided by 29?
27
Let o = -205 - -286. Calculate the remainder when 726 is divided by o.
78
Suppose -2*t - j - 400 = -1215, 0 = 4*t + 4*j - 1628. What is the remainder when t is divided by 41?
39
Suppose -7 - 3 = -5*k. Suppose -k*q + 12 = -8. Suppose -73 - 797 = -30*h. Calculate the remainder when h is divided by q.
9
Let u be 13 - 16/(20/5). What is the remainder when 108 is divided by (0 + 12)/(u/12)?
12
Suppose -3*w + 90 = -0*w - o, 5*o = 2*w - 60. Suppose 5*m - 25 - w = 0. What is the remainder when m is divided by 5?
1
Let d = 863 + -809. Calculate the remainder when d is divided by 31.
23
Let h = 13 - 11. Suppose -2*r + h = q - 1, -3*r = 0. Suppose -161 = -q*f - 44. Calculate the remainder when f is divided by 20.
19
Let m(l) = 10*l**2 + l - 6. What is the remainder when 88 is divided by m(-2)?
24
Calculate the remainder when 395 is divided by 1 + 1 - 7 - -8*3.
15
Let f be (-6)/51 - (-104)/17. Suppose -n = -f*n + 265. Suppose 39 - 111 = -4*l. What is the remainder when n is divided by l?
17
Suppose -9*l + 4765 - 1606 = 0. What is the remainder when l is divided by 89?
84
Suppose 234 = -4*w + 2*j, 63 = -w + 3*j + 7. Let o = w - -68. What is the remainder when 16 is divided by o?
7
What is the remainder when (9/27)/((-1)/(-78)) is divided by 5?
1
What is the remainder when ((-14 - -9) + -11)*49/(-4) is divided by 61?
13
Let u(p) = 9*p + 80. Calculate the remainder when 439 is divided by u(-7).
14
Let i be ((-3)/(-6) - 0)*(17 - -1). Let x = i - -29. What is the remainder when x is divided by 13?
12
What is the remainder when 271 is divided by (-19)/(-57)*(68 + 1)?
18
Let q(t) = -17 + 41 - 13*t - 22 - 2*t**2 + 0*t**2. What is the remainder when 62 is divided by q(-5)?
11
Suppose -2*m + 11 = -5*d, -5*m = 147*d - 144*d